{"id":3212,"date":"2021-05-05T08:09:44","date_gmt":"2021-05-05T07:09:44","guid":{"rendered":"http:\/\/solidaires87.org\/sudeduclimousin\/?post_type=tribe_events&#038;p=3212"},"modified":"2021-05-05T08:11:00","modified_gmt":"2021-05-05T07:11:00","slug":"formation-debusquons-les-stereotypes-de-genre-dans-nos-organisations","status":"publish","type":"tribe_events","link":"https:\/\/solidaires87.org\/sudeduclimousin\/event\/formation-debusquons-les-stereotypes-de-genre-dans-nos-organisations\/","title":{"rendered":"Formation \u00ab\u00a0D\u00e9busquons les st\u00e9r\u00e9otypes de genre dans nos organisations\u00a0\u00bb"},"content":{"rendered":"","protected":false},"excerpt":{"rendered":"","protected":false},"author":18,"featured_media":0,"comment_status":"open","ping_status":"closed","template":"","meta":{"_tribe_events_status":"","_tribe_events_status_reason":""},"tags":[],"tribe_events_cat":[],"_links":{"self":[{"href":"https:\/\/solidaires87.org\/sudeduclimousin\/wp-json\/wp\/v2\/tribe_events\/3212"}],"collection":[{"href":"https:\/\/solidaires87.org\/sudeduclimousin\/wp-json\/wp\/v2\/tribe_events"}],"about":[{"href":"https:\/\/solidaires87.org\/sudeduclimousin\/wp-json\/wp\/v2\/types\/tribe_events"}],"author":[{"embeddable":true,"href":"https:\/\/solidaires87.org\/sudeduclimousin\/wp-json\/wp\/v2\/users\/18"}],"replies":[{"embeddable":true,"href":"https:\/\/solidaires87.org\/sudeduclimousin\/wp-json\/wp\/v2\/comments?post=3212"}],"version-history":[{"count":1,"href":"https:\/\/solidaires87.org\/sudeduclimousin\/wp-json\/wp\/v2\/tribe_events\/3212\/revisions"}],"predecessor-version":[{"id":3213,"href":"https:\/\/solidaires87.org\/sudeduclimousin\/wp-json\/wp\/v2\/tribe_events\/3212\/revisions\/3213"}],"wp:attachment":[{"href":"https:\/\/solidaires87.org\/sudeduclimousin\/wp-json\/wp\/v2\/media?parent=3212"}],"wp:term":[{"taxonomy":"post_tag","embeddable":true,"href":"https:\/\/solidaires87.org\/sudeduclimousin\/wp-json\/wp\/v2\/tags?post=3212"},{"taxonomy":"tribe_events_cat","embeddable":true,"href":"https:\/\/solidaires87.org\/sudeduclimousin\/wp-json\/wp\/v2\/tribe_events_cat?post=3212"}],"curies":[{"name":"wp","href":"https:\/\/api.w.org\/{rel}","templated":true}]}}

Formation « Débusquons les stéréotypes de genre dans nos organisations »
